796 is divided by 64?
20
What is the remainder when 201 is divided by 34?
31
What is the remainder when 653 is divided by 118?
63
Calculate the remainder when 1078 is divided by 60.
58
Calculate the remainder when 3158 is divided by 1044.
26
Calculate the remainder when 129 is divided by 10.
9
Calculate the remainder when 547 is divided by 270.
7
What is the remainder when 2124 is divided by 52?
44
Calculate the remainder when 187 is divided by 19.
16
Calculate the remainder when 9615 is divided by 6.
3
What is the remainder when 341 is divided by 109?
14
What is the remainder when 30 is divided by 20?
10
What is the remainder when 1580 is divided by 390?
20
Calculate the remainder when 1105 is divided by 139.
132
What is the remainder when 462 is divided by 15?
12
What is the remainder when 144 is divided by 90?
54
Calculate the remainder when 310 is divided by 166.
144
What is the remainder when 590 is divided by 243?
104
Calculate the remainder when 46 is divided by 2.
0
What is the remainder when 80 is divided by 30?
20
What is the remainder when 86 is divided by 25?
11
Calculate the remainder when 298 is divided by 15.
13
What is the remainder when 775 is divided by 37?
35
What is the remainder when 73 is divided by 10?
3
Calculate the remainder when 7222 is divided by 1805.
2
Calculate the remainder when 97 is divided by 38.
21
What is the remainder when 714 is divided by 63?
21
Calculate the remainder when 846 is divided by 391.
64
What is the remainder when 570 is divided by 3?
0
Calculate the remainder when 3032 is divided by 1001.
29
What is the remainder when 189 is divided by 60?
9
Calculate the remainder when 205 is divided by 6.
1
What is the remainder when 1737 is divided by 97?
88
Calculate the remainder when 384 is divided by 133.
118
Calculate the remainder when 2282 is divided by 28.
14
What is the remainder when 1693 is divided by 53?
50
Calculate the remainder when 228 is divided by 8.
4
Calculate the remainder when 1315 is divided by 30.
25
What is the remainder when 63 is divided by 24?
15
Calculate the remainder when 6430 is divided by 109.
108
What is the remainder when 120 is divided by 28?
8
Calculate the remainder when 167 is divided by 14.
13
What is the remainder when 73 is divided by 39?
34
Calculate the remainder when 35 is divided by 15.
5
Calculate the remainder when 7941 is divided by 38.
37
What is the remainder when 472 is divided by 39?
4
Calculate the remainder when 901 is divided by 102.
85
Calculate the remainder when 2087 is divided by 22.
19
What is the remainder when 253 is divided by 91?
71
What is the remainder when 577 is divided by 34?
33
Calculate the remainder when 99 is divided by 33.
0
What is the remainder when 92 is divided by 85?
7
What is the remainder when 148 is divided by 37?
0
What is the remainder when 337 is divided by 114?
109
Calculate the remainder when 460 is divided by 158.
144
Calculate the remainder when 876 is divided by 42.
36
Calculate the remainder when 928 is divided by 49.
46
Calculate the remainder when 150 is divided by 20.
10
Calculate the remainder when 24508 is divided by 38.
36
Calculate the remainder when 201 is divided by 88.
25
Calculate the remainder when 367 is divided by 333.
34
Calculate the remainder when 511 is divided by 113.
59
Calculate the remainder when 3076 is divided by 88.
84
Calculate the remainder when 744 is divided by 220.
84
What is the remainder when 3200 is divided by 36?
32
What is the remainder when 123 is divided by 18?
15
What is the remainder when 5062 is divided by 149?
145
Calculate the remainder when 827 is divided by 96.
59
Calculate the remainder when 1231 is divided by 177.
169
Calculate the remainder when 1026 is divided by 34.
6
Calculate the remainder when 1314 is divided by 66.
60
Calculate the remainder when 217 is divided by 74.
69
Calculate the remainder when 49 is divided by 39.
10
What is the remainder when 273 is divided by 11?
9
What is the remainder when 306 is divided by 116?
74
What is the remainder when 140 is divided by 25?
15
Calculate the remainder when 177 is divided by 9.
6
What is the remainder when 145 is divided by 29?
0
Calculate the remainder when 49 is divided by 34.
15
What is the remainder when 81 is divided by 24?
9
Calculate the remainder when 481 is divided by 90.
31
Calculate the remainder when 561 is divided by 83.
63
What is the remainder when 237 is divided by 162?
75
Calculate the remainder when 7978 is divided by 95.
93
Calculate the remainder when 841 is divided by 64.
9
What is the remainder when 72 is divided by 23?
3
What is the remainder when 962 is divided by 7?
3
What is the remainder when 536 is divided by 179?
178
Calculate the remainder when 3480 is divided by 868.
8
Calculate the remainder when 426 is divided by 59.
13
Calculate the remainder when 1152 is divided by 106.
92
Calculate the remainder when 156 is divided by 32.
28
What is the remainder when 4463 is divided by 95?
93
Calculate the remainder when 2990 is divided by 103.
3
What is the remainder when 159 is divided by 149?
10
Calculate the remainder when 189 is divided by 93.
3
Calculate the remainder when 28722 is divided by 86.
84
Calculate the remainder when 1101 is divided by 135.
21
What is the remainder when 111 is divided by 16?
15
What is the remainder when 179 is divided by 7?
4
Calculate the remainder when 116 is divided by 59.
57
What is the remainder when 3122 is divided by 78?
2
What is the remainder when 516 is divided by 137?
105
What is the remainder when 339 is divided by 168?
3
Calculate the remainder when 1282 is divided by 117.
112
What is the remainder when 598 is divided by 6?
4
What is the remainder when 85 is divided by 38?
9
What is the remainder when 646 is divided by 93?
88
Calculate the remainder when 10658 is divided by 65.
63
What is the remainder when 138 is divided by 37?
27
Calculate the remainder when 2349 is divided by 15.
9
Calculate the remainder when 385 is divided by 190.
5
Calculate the remainder when 204 is divided by 8.
4
What is the remainder when 1138 is divided by 85?
33
Calculate the remainder when 473 is divided by 77.
11
Calculate the remainder when 183 is divided by 55.
18
Calculate the remainder when 196 is divided by 100.
96
Calculate the remainder when 605 is divided by 44.
33
What is the remainder when 68 is divided by 25?
18
Calculate the remainder when 262 is divided by 72.
46
Calculate the remainder when 138 is divided by 24.
18
What is the remainder when 565 is divided by 27?
25
What is the remainder when 3745 is divided by 3732?
13
What is the remainder when 229 is divided by 79?
71
Calculate the remainder when 12 is divided by 7.
5
What is the remainder when 59 is divided by 18?
5
Calculate the remainder when 329 is divided by 110.
109
Calculate the remainder when 450 is divided by 6.
0
Calculate the remainder when 72 is divided by 8.
0
Calculate the remainder when 798 is divided by 200.
198
What is the remainder when 1217 is divided by 10?
7
Calculate the remainder when 341 is divided by 69.
65
What is the remainder when 75391 is divided by 22?
19
What is the remainder when 1487 is divided by 100?
87
Calculate the remainder when 1627 is divided by 69.
40
What is the remainder when 229 is divided by 7?
5
Calculate the remainder when 2015 is divided by 402.
5
Calculate the remainder when 56 is divided by 20.
16
What is the remainder when 64 is divided by 30?
4
Calculate the remainder when 104 is divided by 56.
48
What is the remainder when 888 is divided by 127?
126
What is the remainder when 22 is divided by 22?
0
What is the remainder when 1635 is divided by 21?
18
What is the remainder when 5805 is divided by 66?
63
Calculate the remainder when 248 is divided by 42.
38
Calculate the remainder when 546 is divided by 176.
18
What is the remainder when 1001 is divided by 182?
91
What is the remainder when 385 is divided by 194?
191
Calculate the remainder when 1384 is divided by 41.
31
What is the remainder when 80 is divided by 24?
8
What is the remainder when 83 is divided by 18?
11
Calculate the remainder when 1708 is divided by 427.
0
Calculate the remainder when 102 is divided by 38.
26
What is the remainder when 281 is divided by 72?
65
What is the remaind